 common divisor of s and i.
5
Suppose 4*g = -4, 3*z - 2*g = -31 + 1263. What is the greatest common divisor of z and 574?
82
Suppose -5414 - 2932 = -107*l. Calculate the greatest common divisor of 54 and l.
6
Let d = -256 + 256. Suppose d = 5*p + 14*p - 228. Calculate the greatest common divisor of 192 and p.
12
Let d = 36400 - 36368. Suppose -c = -0*c - 8. What is the highest common divisor of c and d?
8
Let p be 1 + 3/(3/26). Suppose 6311*y = 6313*y + 3*w - 885, -y - 6*w = -474. Calculate the highest common divisor of y and p.
27
Let o be (0 + 2/4)*(338 - 272). Calculate the greatest common divisor of 96 and o.
3
Let u(a) = 32*a + 4. Let p be u(4). Suppose -k + 5*j + 98 = -77, -2*j = 3*k - 610. Suppose -32 + k = 14*t. Calculate the greatest common divisor of p and t.
12
Suppose 0 = 4*u + 4, 212 = 4*z - 3*u + 65. Suppose 10*h + 3235 - 3955 = 0. What is the greatest common factor of h and z?
36
Let u(d) = 10*d**2 - 6*d - 6. Let g be u(-1). Let s be 14/(-35) - (-844)/g. What is the greatest common divisor of 84 and s?
84
Suppose 4*q + 4*d = 2564, -5*d + 6*d = -4*q + 2549. Calculate the greatest common divisor of q and 371.
53
Let l = 2096 - 2066. Calculate the highest common factor of 250 and l.
10
Suppose 15*k - 1546 = 411 - 127. What is the greatest common factor of 6 and k?
2
Let b(n) = -16*n**2 + n - 2. Let u be b(3). Let x = u - -157. Calculate the greatest common divisor of x and 14.
14
Suppose 129 = 4*a - 11. Suppose 0 = 40*b - a*b - 745. Let g = -146 + b. Calculate the highest common divisor of 24 and g.
3
Suppose 0 = -5*z + 25, 3*f - 4*z = 508 - 42. What is the highest common divisor of 8586 and f?
162
Let w = 11684 + -11661. Calculate the highest common divisor of 14467 and w.
23
Let f(i) = -i**2 - 56*i + 641. Let z be f(-43). What is the highest common divisor of 496 and z?
16
Let n(w) = 23*w. Let u(h) = -9*h + 15. Let i be u(2). Let o be n(i). Let q = 79 + o. What is the highest common factor of q and 10?
10
Let c(t) = -t**3 + 22*t**2 + 8*t - 52. Suppose -319 = -11*h - 77. Let y be c(h). What is the highest common factor of 4 and y?
4
Let w be (((-2)/(-8))/(32/4288) - -3)*252. What is the highest common divisor of 42 and w?
42
Let c be (-1)/(-2) - (-4075)/10. Suppose -4*u + c = -272. Let b = -2636 - -2704. What is the greatest common divisor of u and b?
34
Suppose 339*b - 461370 = 45774. Calculate the greatest common factor of b and 408.
136
Let u be 0/(0 - -3 - 0) - -28. Suppose -4*z = 5*g + 34, 4*g = -0*z - 3*z - u. Let r be 4/(-10) - 24/g*1. What is the greatest common divisor of 18 and r?
2
Suppose -c + 8 = a, -3*a - 2*a = -5*c. Let j = 21800 + -21798. Calculate the greatest common divisor of c and j.
2
Let j(g) = g**2 - 92*g + 1325. Let y be j(106). What is the greatest common factor of 159 and y?
53
Suppose 108 = 5*b + 18. Suppose -5*k - 74 = -84. Suppose -j + 11 = 3*u, 7*j = -k*u + 2*j + 29. Calculate the highest common factor of b and u.
2
Let m(f) = -f**3 - 10*f**2 + 9*f + 8. Let h be (-2)/(-3) + 105/(-9). Let t be m(h). Suppose 3*p - 2*p = t. Calculate the highest common divisor of p and 270.
30
Let j = 3254 + -3214. Calculate the highest common factor of j and 3840.
40
Let f(q) = 15*q + 6007 + 2*q**2 + 2*q - 6018. Suppose -13 = 4*o + 31. Let a be f(o). Calculate the greatest common factor of a and 4.
4
Let n = -826 + 904. Calculate the highest common divisor of n and 12402.
78
Let t = -119 + 184. Let q(a) = a**3 - 23*a**2 + 6*a + 109. Let l be q(23). What is the greatest common factor of l and t?
13
Let h(w) = -3*w**3 + 317*w**2 - 207*w - 304. Let p be h(105). What is the greatest common factor of p and 33198?
11
Suppose -17*u + 30441 = -11900 - 43832. Calculate the highest common factor of 137 and u.
137
Let y be ((-167)/6 + (-33)/(-22))/((-31)/279). Calculate the greatest common divisor of y and 8137.
79
Let z = 994 + -707. Calculate the highest common factor of z and 779.
41
Let b = 3079 + -2994. What is the greatest common factor of b and 1445?
85
Suppose 51*k = 82 + 428. Suppose m = 2*y - 13, -5*m - 5 = 4*y - 2*y. Let x be 10/k + m/(6/(-152)). What is the greatest common divisor of x and 7?
7
Let k = 2321 + -2195. Calculate the greatest common factor of 294 and k.
42
Suppose 469920 = -82*r + 438*r. Calculate the highest common divisor of 286 and r.
22
Let r be (-188336)/(-4470) - -4*(-2)/60. Calculate the greatest common factor of 33 and r.
3
Suppose 16*y - 38 = 6*y + 22. What is the highest common factor of y and 654?
6
Let y(x) = 183*x**2 + 4*x + x**3 - 64*x**2 - 66*x**2 - 59*x**2 - 7. Let z be y(6). What is the highest common divisor of 85 and z?
17
Let o be 2/4*(13 - -1). Suppose -6*b = -o*b + 220. Let j = 260 + -172. What is the highest common divisor of b and j?
44
Let t be (6/(-4))/(3/(-30)). Suppose -4*q + 556 = -4*n, 471*q - 147 = 470*q + 3*n. What is the greatest common factor of t and q?
15
Let u be (6 + (6/15)/((-29)/493))*-760. What is the highest common divisor of u and 20368?
304
Let f(z) = -231*z + 64. Let l be f(-1). Calculate the highest common divisor of l and 40.
5
Let w = 21 - 19. Let o(x) = 4*x + 49. Let q be o(-20). Let r = -13 - q. Calculate the greatest common factor of w and r.
2
Let d = 204 - -12. Let j = 247 - d. Calculate the greatest common divisor of 341 and j.
31
Let k = 3186 + -3177. Calculate the highest common factor of 4680 and k.
9
Let r = 11 + -9. Suppose -r*j - j = -174. Let w be (-54186)/(-374) + ((-415)/85 - -5). What is the greatest common divisor of w and j?
29
Suppose -3*l - b = -0*b - 137466, -3*b - 91666 = -2*l. Calculate the highest common factor of 256 and l.
256
Let k(j) = -58*j - 169 - 78 - 95*j + 67. Let d be k(-6). What is the highest common factor of d and 18?
18
Let c(n) = n**2 - 23*n + 120. Let y be c(15). Let s be 0 + y/(-1) - -3*2. What is the highest common factor of 9 and s?
3
Let j be 2*((-35)/(-2) + 1). Let i be (-8)/24 + j/3 + -4. Let v = 212 + -108. Calculate the highest common divisor of i and v.
8
Suppose 0 = 4*o - 12 - 28. Let b = 107 + -107. Suppose -2*l - 5*g + 30 = b, 5*l = -4*g - g + 45. Calculate the greatest common factor of l and o.
5
Let w = -34825 - -49459. What is the highest common divisor of w and 6?
6
Let k be 136/2040 + 63374/15. What is the greatest common factor of 50 and k?
25
Let h be ((-64)/(-24))/(14/399 + 0). What is the greatest common factor of h and 1786?
38
Let u = -13839 - -14463. What is the highest common divisor of 39 and u?
39
Suppose 0 = 4*t + 20, 30*t - 70 = -3*h + 32*t. Let u be (-1)/(-1*2/(-6)). Let x be ((-8)/10)/(u/15). Calculate the highest common divisor of h and x.
4
Let k(l) = 21*l**2 + 10*l - 11. Let m(w) = w**3 + 9*w**2 - w - 14. Let b be m(-9). Let f be k(b). Calculate the highest common factor of f and 58.
58
Let s(l) = -2430*l + 410. Let j be s(-3). What is the highest common factor of j and 44?
44
Suppose 72 = 3*t + 3*d - 165, 0 = -t - 3*d + 83. Let n(o) = o**3 + 6*o**2 - 3*o - 7. Let u be n(-5). Calculate the highest common divisor of t and u.
11
Let v(s) = 36*s**2 + 7*s - 13. Let b be v(5). Let r = b - 394. What is the greatest common factor of r and 16?
16
Suppose 2*q - 1 = -3*l + 17, 0 = 3*l + 5*q - 27. Suppose l*k + 5*o - 11 = -0*o, o = k - 14. Calculate the highest common factor of 45 and k.
9
Suppose 7*r = -2*a + 2*r - 386, 5*r = 5*a + 930. Let l = -116 - a. Suppose 0 = 5*j - j - l. Calculate the greatest common divisor of 144 and j.
18
Let o be (-12)/(-16) - (-2862)/24. Suppose -104 = -2*f + o. Let y = -68 + 75. What is the highest common factor of f and y?
7
Let l = 1 + -16. Let c be (-290)/l + 5 - 2/6. Suppose 0 = 3*x - h - h - c, -5*h + 15 = 0. What is the greatest common divisor of 50 and x?
10
Let y = -24 + 29. Suppose -2*z = 3*u - 76, 28 = u - 3*z + y*z. Calculate the highest common factor of u and 88.
8
Suppose 104 = -14*v - 316. Let b be (-678)/(-30) - 3/(v/4). Let c = 59 - b. Calculate the greatest common factor of 9 and c.
9
Let b be (((-17)/(-3))/(59/(-177)))/(-1). What is the highest common factor of b and 204?
17
Let w be ((-6)/(-5))/(((-6)/3460)/(15/(-30))). What is the highest common divisor of 173 and w?
173
Let r be (-721)/(-8) + ((-93)/310)/(36/15). What is the greatest common divisor of r and 4470?
30
Let n = 311 + -107. Suppose 3*t = -5*s + 4*t + 543, -2*s + n = 4*t. Calcula